 is divided by 49.
48
Let q = -6 + 10. Suppose -45 = -11*j - q*j. What is the remainder when 17 is divided by j?
2
Let r = 6 + -3. Suppose -r*y = 4*l + 20, 5*y - 5 + 0 = l. Suppose y = 3*w, 3*w + 119 = 5*t - 101. What is the remainder when t is divided by 15?
14
Let i = -86 - -89. Suppose 14*p + i*m = 12*p + 21, m = 3*p - 37. Calculate the remainder when p is divided by 7.
5
Let p be 1/2 - (-7)/(-14). Suppose p = 2*r - 3*r + 14. Suppose 0 = 4*b - 74 + r. Calculate the remainder when b is divided by 4.
3
Let v = -65 - -97. Let o = v + 5. Suppose -75*n + 131 = -678 - 166. What is the remainder when o is divided by n?
11
Let w(q) = -q**3 + 10*q**2 + 2*q - 10. What is the remainder when 30*3/6 + 1 is divided by w(10)?
6
Suppose -1206 = 3*c - 1758. Calculate the remainder when c is divided by 47.
43
Suppose -o + 3*u + 23 = o, 0 = -u - 5. Let s be (1 - (o - 2))*0. Suppose s = 2*p + 4*c - 6, -p + 3*c = p - 41. Calculate the remainder when p is divided by 4.
1
Suppose -8*x + 3*x = -20. Suppose -2*c - 3*c = 5. Calculate the remainder when c/3 - 138/(-9) is divided by x.
3
What is the remainder when 323 is divided by (-5*1 - (5 + -8)) + 11?
8
Let d be 0/(3 + (-6)/3). Suppose 3*q = 3, -55 = -2*b - d*b - 5*q. What is the remainder when b is divided by 9?
7
Let o(h) = h**3 + 10*h**2 - 2*h - 12. Let g be o(-10). Suppose 3*q + 30 = g*q. Calculate the remainder when 33 is divided by q.
3
Suppose -j - 1 = -7. Suppose -153 = -4*v - 3*h + j*h, 20 = 4*h. Calculate the remainder when v is divided by 11.
9
Suppose -v + 4*j = -23 + 9, 0 = 2*v - 3*j - 18. What is the remainder when 39 is divided by v?
3
Let l(v) = -v**3 + 7*v**2 - 5*v - 2. Let g be l(6). Let d = 133 - 133. What is the remainder when 8 is divided by -8*(d - 1/g)?
0
Suppose 0*d + 5*d = 120. Calculate the remainder when 117 is divided by d.
21
Let g(j) = j**2 + 10*j - 22. What is the remainder when g(-17) is divided by 18?
7
Let n(a) = a**2 - 7*a - 2. Let y be n(8). What is the remainder when 2 is divided by (-6)/(-4) - y/(-12)?
0
Let y = -34 - -27. Let v(h) = h**3 + 8*h**2 - 5*h - 5. Let k be v(y). Suppose -4*r = -k + 3. What is the remainder when r is divided by 12?
7
Suppose 0 = -g - 2 - 2. Let b = 4 - g. Suppose -4*s = -b - 4. What is the remainder when 11 is divided by s?
2
Let q = -215 - -270. Let j = 54 - 34. What is the remainder when q is divided by j?
15
Suppose 7*j - 1053 = 1768. What is the remainder when j is divided by 45?
43
Let n be 152/3 - 16/24. Let o be ((-2)/(-4))/(5/n). Suppose -29 = 4*b - o*b. What is the remainder when b is divided by 10?
9
What is the remainder when 99 is divided by -11 + 65 - 2 - -1?
46
Let l(k) = -17*k + 10*k + 36*k**2 + 5*k - 2. Calculate the remainder when l(-1) is divided by 10.
6
Suppose -z - 30 = -7*z. Suppose 2*h = m + 85, 0*h + 48 = h + z*m. Calculate the remainder when h is divided by 12.
7
Let r(o) = 137*o**2. Suppose -2*c - 2*n - n = -8, 0 = -4*c + 2*n. What is the remainder when r(c) is divided by 28?
25
Let j(g) = g**2 + 28*g + 58. Let z be j(-26). Suppose 10 - 352 = -z*w. What is the remainder when w is divided by 12?
9
Suppose 3*z - 53 = -5*c, -2*c - 2 + 27 = 5*z. What is the remainder when (23/(-2))/((-2)/12) is divided by c?
9
Let t = 63 + -17. What is the remainder when t is divided by (17/3)/(4 + 22/(-6))?
12
Suppose 2*n - 7*m + 2*m + 1 = 0, 3*m - 3 = 2*n. Let i be -3*n/3 - 38. Let k = i + 61. Calculate the remainder when k is divided by 9.
8
Let z(t) = 10*t**2 + 8*t + 6. Calculate the remainder when z(-2) is divided by 11.
8
Let r = -6626 + 6635. Let m = 12 - -11. What is the remainder when m is divided by r?
5
Let s(h) = -12*h - 14. Let a be s(-6). Suppose -6*d = -4*d - a. Calculate the remainder when d is divided by 16.
13
Let t(f) = -2*f**2 - 2*f - 50. Let a be t(0). Let m = -33 - a. Calculate the remainder when 64 is divided by m.
13
Let y be (5/10)/(2/28). Suppose y*k - 4*k + 2*l + 64 = 0, 5*k - 3*l = -94. Let x = 24 + k. What is the remainder when 7 is divided by x?
3
Suppose -92 = -4*q - 60. Calculate the remainder when 429 is divided by q.
5
Calculate the remainder when ((-54)/45)/(5/(-2075)) is divided by 101.
94
Let v(p) = -p**2 + 3*p - 6. Let g be v(5). Let s = 61 + g. Let d(o) = -6*o + 5. What is the remainder when s is divided by d(-3)?
22
Suppose 45*r + 332 = 1142. What is the remainder when 49 is divided by r?
13
Let q = -127 + 145. Calculate the remainder when q is divided by 14.
4
Suppose 6*j + 3*j - 18 = 0. Calculate the remainder when 76 is divided by (-3 + j)/((-198)/96 + 2).
12
Calculate the remainder when (1 + -3)*(444/(-8) - -6) is divided by 25.
24
Let s = -19 - -45. Let w(v) = 16*v**3 - 3*v + 1. What is the remainder when s is divided by w(1)?
12
Let m(l) = -l**3 + 4*l**2 + 5*l - 5. What is the remainder when (-1 - -12 - (-10712)/234) + 4/18 is divided by m(4)?
12
Suppose 5 = a - 4. Let k(w) = -11*w - 2. Let o(b) = 6*b + 1. Let j(z) = 4*k(z) + 7*o(z). What is the remainder when a is divided by j(-3)?
4
Let q = 456 + -443. Let w(l) = 44*l - 3. What is the remainder when w(3) is divided by q?
12
Suppose -555 = 23*m - 26*m. Calculate the remainder when m is divided by 31.
30
Suppose -3 - 17 = -q - 3*n, n = -4*q + 124. Calculate the remainder when q is divided by 9.
5
Suppose 28*r - 24*r = 80. What is the remainder when (30/(-25))/(2 - 48/r) is divided by 1?
0
Let z = 50 + 15. Suppose -15 = -c + 4*c, 0 = -3*f - 2*c + z. Calculate the remainder when f is divided by (2 - 4*-1) + 1.
4
Let o = 223 - 216. Suppose 29 = k - y, 4*y + 17 - 125 = -3*k. Let u = k + -7. What is the remainder when u is divided by o?
4
Let b(v) = -63*v**3 - v**2. Suppose -4*z = -2*z + 12. Let t(x) = -x - 7. Let m be t(z). What is the remainder when b(m) is divided by 32?
30
Let q = 0 - -2. Let b = -46 + 47. Calculate the remainder when q is divided by b.
0
Let d(v) = -5*v**3 - v + 1. Let g = -4 + 5. Let a be d(g). Let j(m) = -2*m. Calculate the remainder when 18 is divided by j(a).
8
Let o = -36 - -100. What is the remainder when o is divided by 6?
4
Suppose 77*z + 2297 - 5857 = 2369. Calculate the remainder when z is divided by 1/(1 - 9/10).
7
Suppose -465 = -16*h + 559. What is the remainder when 124 is divided by h?
60
Let i = 1 + 16. Suppose 0*v + v - i = -2*h, -h - 30 = -3*v. What is the remainder when 87 is divided by v?
10
Let z(i) = 6*i - 15. Calculate the remainder when z(5) is divided by (15/45)/(2 - (-70)/(-36)).
3
Suppose -c + 4*c + 3 = 0. Let x(w) = 16*w**2 + 2*w. Calculate the remainder when 26 is divided by x(c).
12
Let m = 961 + -887. Calculate the remainder when m is divided by 67.
7
Let y = -22 + 92. Let j = 904 + -880. What is the remainder when y is divided by j?
22
Suppose 5*f - 93 + 23 = d, d = -4*f + 47. Suppose 4*r - 139 = -v, -6*r = -2*r + 4*v - 136. Calculate the remainder when r is divided by f.
9
Let z be -2*(0 + -6) + 8/4. What is the remainder when 348/z + (-1)/(-7) is divided by 5?
0
Suppose -8 = 2*s, p + 3*s + 6 = 3. Let m = 27 + 0. Let d = 62 - m. What is the remainder when d is divided by p?
8
Suppose -5*g = 7 - 22. Suppose -6*y + g*y = -9. What is the remainder when (60/(-50))/(y/(-50)) is divided by 7?
6
Let z = 24 - 6. Let w = -1142 + 1159. What is the remainder when w is divided by (-2)/(-9) + 176/z?
7
Suppose -8*w + 3*w + 80 = 0. Suppose 0 = -3*o - o + w, 0 = -2*c + 2*o + 4. What is the remainder when 10 is divided by c?
4
Suppose 0 = -160*f + 150*f + 90. Calculate the remainder when 395 is divided by f.
8
Let q(m) = 21*m**2 + 7*m + 1. Calculate the remainder when q(-2) is divided by 12.
11
Calculate the remainder when (-195)/(-6)*((-637)/(-35) + -13) is divided by 87.
82
Let x(j) = 6*j**2 - 4*j**2 - 2*j + j**3 - 9 - 3*j**2. Suppose -9*z + 28 = -2*z. Calculate the remainder when x(z) is divided by 17.
14
Let v(c) = 3*c**2 + 2*c. Let j(l) = -l**3 - 14*l**2 + 4*l + 67. Calculate the remainder when v(-3) is divided by j(-14).
10
Let q(o) = -o**2 - 2*o - 2. Let d be q(-2). Suppose -2*a = 5*k - 40, 58 = 2*a + 3*k - 7*k. Calculate the remainder when (-48)/1*3/d is divided by a.
22
Let p(t) = -32*t - 39. What is the remainder when p(-9) is divided by 42/15*(2 + 3)?
11
Suppose 14 = 3*h - h. Suppose -9*i = -10*i + 13. Calculate the remainder when i is divided by 37/h + 4/(-14).
3
Let b = 774 - 492. Let p = 495 - b. Su